ors of k?
313
Suppose 0 = -49*h - 63964 + 214002. What are the prime factors of h?
2, 1531
Let g(t) be the third derivative of t**5/30 - t**4/24 + 7*t**3/6 - 6*t**2. What are the prime factors of g(5)?
2, 13
Let l = 32 - 14. Suppose -5*a + l = -97. List the prime factors of a.
23
Let o(n) be the third derivative of 0*n + 2*n**2 + 1/60*n**5 + 0 - 2*n**3 + 1/24*n**4. What are the prime factors of o(5)?
2, 3
Suppose -6*p + p = -505. Let k be p/(-3) - 8/(-12). Let h = 53 + k. What are the prime factors of h?
2, 5
Suppose 3*n + 2*r + 8 = 5*n, 0 = 4*r - 20. Suppose -n*m + 6*m + 135 = 0. What are the prime factors of m?
3, 5
Let q(h) be the third derivative of h**5/60 + 5*h**4/12 - h**3/3 - 2*h**2. Let y be q(-12). What are the prime factors of (y - -2) + (-7)/7?
23
Let s(m) = m**3 - 4*m**2 - 5*m + 5. Let o be s(5). Suppose o*w - 11 - 9 = 0. Suppose 3*d + 27 = w*d. What are the prime factors of d?
3
Let u = 45 - 24. Let p be (-10)/(99/21 + -5). Let j = p - u. List the prime factors of j.
2, 7
Let j(k) = -k**2 + 8*k - 9. Let o be j(6). Suppose 0 = 4*y + 4, 4*d - o*y - 108 = 11. List the prime factors of d.
29
Suppose 2 = v - 7. Suppose v = -0*o + 3*o. Suppose -3*c - m = -10, -m = -o*c - 0*c + 2. List the prime factors of c.
2
What are the prime factors of (-236)/(-6)*(15 - 0)?
2, 5, 59
Let d(f) = 70*f - 19. Suppose 0 = 4*r - 0*r + w - 16, -5*r - 1 = -4*w. List the prime factors of d(r).
191
Let g(p) = -p**2 + 2*p. Let z be g(2). Let t be (9/(-3))/(-1) - z. Suppose 0 = 2*n - 2*q - 20, t*n + 3*q - 70 = -2*q. List the prime factors of n.
3, 5
What are the prime factors of 27 + (0 - -6*(-10)/15)?
23
Suppose 1 = 5*n - 14. List the prime factors of (-56)/(n*(-6)/9).
2, 7
Let g = -16 + 20. Suppose g*d - 1120 = 5*m, 0 = -4*m + 5*d - 232 - 655. Let y = -162 - m. What are the prime factors of y?
2, 3, 11
Let n(s) = -140*s - 629. What are the prime factors of n(-9)?
631
Suppose p + 4*p - 5*l = 755, -2*p + 317 = 3*l. Let u = p + 28. What are the prime factors of u?
2, 7, 13
What are the prime factors of 545/2 - (-6)/12?
3, 7, 13
Suppose 0 = -2*f - 349 + 11. Let c = -44 - f. List the prime factors of c.
5
Suppose 31*f = 35*f - 432. Let q(x) = x**3 + x + 4. Let c be q(0). Suppose -k = 5*s - 119, -4*s - c*k + 0*k = -f. List the prime factors of s.
23
Let o = 12 - 9. Suppose 5*l + 3*r = -r + 480, -2*r = o*l - 290. Suppose 4*u - 4*q = l, -q + 37 - 8 = u. List the prime factors of u.
3
Let c(v) = -3*v**3 - 2. Suppose 0 = 8*j - 1 + 25. What are the prime factors of c(j)?
79
Let u(v) = -v - 1. Let a(o) = -7*o**2 + 3*o + 2. Let q(p) = -a(p) - 2*u(p). List the prime factors of q(-5).
2, 3, 5
Let r = 433 + -211. Suppose -3*s = -0*s - r. What are the prime factors of s?
2, 37
Let h(y) = -28*y**3 - 10*y + 0 + 27*y**3 - 1 - 4*y**2. What are the prime factors of h(-6)?
131
Let l(i) = i**2 + i - 4. Let v be l(-4). Let o(q) = -5 - v*q + 3 + 2*q - 4. List the prime factors of o(-3).
2, 3
Suppose -2 = 4*w + 2*t - 0, -2*w + 3*t = -19. Suppose w*j = -5*j + 1190. List the prime factors of j.
2, 5, 17
Let v(q) = q + 10. Let n be v(-11). Let l be 45/(-75) - 13/(-5). List the prime factors of 41 - 2/n - l.
41
List the prime factors of (-6)/(-15)*5*1294/4.
647
Let k = 2430 - 1288. List the prime factors of k.
2, 571
Let s be 138/(-10) - 9/45. Let y = 10 + s. Let w = 9 + y. What are the prime factors of w?
5
Let t = -169 - -224. List the prime factors of t.
5, 11
Let c(u) = u - 12. Let r be c(14). Suppose 7*y - r*y = 60. Suppose 3*m + 67 = 2*a + y, 54 = 2*a - 2*m. List the prime factors of a.
2, 13
Suppose -8 - 4 = -3*m. Let q be (m/(-8))/((-1)/16). Let p = q + 9. What are the prime factors of p?
17
Let u be ((-7)/(-3))/((-2)/(-6)). Suppose u*t = 13*t - 840. What are the prime factors of t?
2, 5, 7
Suppose 0 = -4*u + 3*g + 127, -u + 4*u = 3*g + 99. Suppose -u = -k - 3*k. Let l(w) = w + 15. List the prime factors of l(k).
2, 11
List the prime factors of (81/108)/((-2)/(-8))*33.
3, 11
Let o(s) = s**2 - 2*s - 61. Let n(k) = k**2 - 2*k - 60. Let i(l) = -4*n(l) + 3*o(l). Let w be i(0). Let x = 8 + w. List the prime factors of x.
5, 13
Suppose -3*j - 4*j = -j. Suppose -5*a = b - 131, j = -b + 5*b - 2*a - 590. What are the prime factors of b?
2, 73
Suppose 2188 = -2*h + 6*h. Suppose 0 = -6*b + 65 + h. List the prime factors of b.
2, 3, 17
Suppose 9*n = 12*n - 6. Suppose n*q - 6 = 2. Let v(l) = l - 2. List the prime factors of v(q).
2
Suppose 0 = -3*d - d + 612. Let s be 3/((-3)/d*-3). Let k = s + -2. List the prime factors of k.
7
Let s = 1321 + -902. List the prime factors of s.
419
Suppose 165*j = 160*j + 8090. What are the prime factors of j?
2, 809
Let b be 96/((1 + 2)/(-1 - -3)). Suppose -87 = -3*n + 117. Suppose -b = -4*h + n. List the prime factors of h.
3, 11
Let a(g) = -3*g**3 - 3*g**2 + 5*g + 2. Let s be a(-3). Let b(j) = -j**2 + 10*j - 6. Let k be b(9). Suppose -k*r + 10 = -s. List the prime factors of r.
17
Suppose -2*v + 325 = -127. Let n = v - -38. Suppose -4*o + 144 = -o + 3*h, -5*o + 3*h = -n. What are the prime factors of o?
3, 17
Suppose 2*f - 6 = -4*t + 30, -3*t + f = -22. Suppose 12*g - 12 = t*g. Suppose -u - g*u + 112 = 0. List the prime factors of u.
2, 7
Suppose 4*z - 2*z = 0. Suppose z*k + 7*k = 861. List the prime factors of 1 + -2 - k/(-3).
2, 5
Let k(i) be the second derivative of i**5/20 + 7*i**4/12 + i**3/6 - i**2/2 - 2*i. Let c be -1*(6 + -1) - (-20 - -21). List the prime factors of k(c).
29
Let p(j) = -j**2 - 9*j - 15. Let f be p(-6). Suppose -2*x = f*o - 72, o - 16 - 7 = -x. What are the prime factors of o?
2, 13
Let u = 40 + -21. Suppose 0 = 4*y + u - 95. Suppose 0 = -4*x + y + 125. List the prime factors of x.
2, 3
Let x(a) = 6*a + 5. Let p(g) = -5*g - 4. Let f(i) = -2*p(i) - 3*x(i). Let k be f(-5). Suppose -4*r + 145 = k. List the prime factors of r.
2, 7
Let o(m) = -3*m**3 - 3*m**2 - m - 8. Let l(g) = 4*g**3 + 2*g**2 + 2*g + 7. Let i(a) = 2*l(a) + 3*o(a). What are the prime factors of i(-8)?
2, 3, 29
Let x(h) = 4*h + 7. Let n be x(2). List the prime factors of -5 + 2 - (3 - n).
3
Let f(n) = -n**2 - 11*n + 9. Let c be f(-9). Let s = c - 12. What are the prime factors of s?
3, 5
Suppose -5*j + 22 - 7 = 0. Suppose -4*l + y + 708 = -l, 0 = j*l - 3*y - 708. List the prime factors of l.
2, 59
Let d(l) = l**2 + 10*l - 14. Let y be d(-12). Let w be 2/y + 4/5. Suppose 5*r - w - 7 = -4*b, 32 = 5*r - 4*b. List the prime factors of r.
2
Let p(a) = 0*a + 3*a + 11*a**3 + 5 - 2*a**2 - 8 + 0*a**3. What are the prime factors of p(2)?
83
Let p = 35 + -19. Let t be (p + -21)*(-1 - 0). Suppose -t*i + 150 + 10 = 0. What are the prime factors of i?
2
Suppose 1253 = 5*f - 7512. What are the prime factors of f?
1753
Let b = 689 + -235. What are the prime factors of b?
2, 227
Let p = -1 - -4. Suppose -5*b + 2*u - p*u - 4 = 0, -3*b = 2*u + 1. List the prime factors of 2 + -1 - 6/b.
7
Suppose 4*s + 4*f - 295 - 921 = 0, 3*f + 1195 = 4*s. What are the prime factors of s?
7, 43
Suppose -380 = -2*x - 3*x. Suppose -3*z + 5*p + 260 = 0, -x = 3*z - 4*z - p. List the prime factors of z.
2, 5
Suppose -3*g - 3131 = -8*g + 4*j, -4*g + 4*j = -2504. What are the prime factors of g?
3, 11, 19
Let q(a) = 20*a - 149. What are the prime factors of q(29)?
431
Let w = 373 + -197. Let m = 316 - w. What are the prime factors of m?
2, 5, 7
Suppose b - 32 = 2*i, -4*b + 91 = 3*i + 18. Suppose 6*s - b = o + 3*s, 0 = -o - s - 2. List the prime factors of -2 + o/((-14)/36).
2
Suppose 2*t - 12944 = -2*g, 6*t = 5*t + 3*g + 6492. What are the prime factors of t?
3, 17, 127
Let v(h) = -5*h**2 - 9*h - 60. Let w(p) = 6*p**2 + 10*p + 60. Let s(f) = -5*v(f) - 4*w(f). What are the prime factors of s(-7)?
2, 37
Let c = 36 - 26. Suppose 0 = -5*l + c*l - 275. Let g = 85 - l. What are the prime factors of g?
2, 3, 5
Let b = 48 + -102. Let v = 119 + b. What are the prime factors of v?
5, 13
Suppose 51*i = 26*i + 9325. What are the prime factors of i?
373
Let q(d) = d + 13. Let f be q(-4). List the prime factors of 19390/80 - f/24.
2, 11
Let n(w) = 74*w**2 + 24*w - 79. What are the prime factors of n(3)?
659
Let p be (1 - 6/4)*-30. Suppose -6*a + a = -p. Suppose -8*n + 55 = -a*n. What are the prime factors of n?
11
Suppose 3*h + 69768 = 60*h. What are the prime factors of h?
2, 3, 17
Let l(a) = 3*a**2 + 2*a - 2. Let o be l(